{"id":161,"date":"2022-10-14T10:53:56","date_gmt":"2022-10-14T13:53:56","guid":{"rendered":"http:\/\/sgq-metalfam.bitqualy.tech\/?page_id=161"},"modified":"2025-10-26T15:58:34","modified_gmt":"2025-10-26T18:58:34","slug":"p02-aquisicao","status":"publish","type":"page","link":"https:\/\/sgq-metalfam.bitqualy.tech\/index.php\/p02-aquisicao\/","title":{"rendered":"P02 Aquisi\u00e7\u00e3o"},"content":{"rendered":"<blockquote><p><img decoding=\"async\" class=\"size-medium wp-image-46 alignleft\" src=\"https:\/\/sgq-metalfam.bitqualy.tech\/wp-content\/uploads\/2022\/04\/doc_controlado-300x300.png\" alt=\"\" width=\"17%\" height=\"17%\" srcset=\"https:\/\/sgq-metalfam.bitqualy.tech\/wp-content\/uploads\/2022\/04\/doc_controlado-300x300.png 300w, https:\/\/sgq-metalfam.bitqualy.tech\/wp-content\/uploads\/2022\/04\/doc_controlado-150x150.png 150w, https:\/\/sgq-metalfam.bitqualy.tech\/wp-content\/uploads\/2022\/04\/doc_controlado.png 400w\" sizes=\"(max-width: 300px) 100vw, 300px\" \/> <strong>Documento Controlado<br \/>\nElaborado por:<\/strong> Narciso Z. Filho<br \/>\n<strong>Aprovado por: <\/strong>Reginaldo Lima<br \/>\n<strong>Vers\u00e3o<\/strong> 03\u00a0 <strong>Data: <\/strong>13\/10\/2025<strong><br \/>\n<\/strong><\/p><\/blockquote>\n<p><strong>1 &#8211; Refer\u00eancias<\/strong><\/p>\n<p>Manual da Qualidade<br \/>\nISO 9001:2015<\/p>\n<p><strong>2 &#8211; <\/strong><strong>Objetivo do Processo<\/strong><\/p>\n<p style=\"text-align: justify;\">O Processo de Aquisi\u00e7\u00e3o tem como objetivo determinar rotinas para controlar aquisi\u00e7\u00f5es de mat\u00e9rias-primas, produtos e servi\u00e7os. Para tanto, ser\u00e1 necess\u00e1rio realizar cota\u00e7\u00f5es (or\u00e7amentos), efetuar a compra da mat\u00e9ria-prima, produto ou servi\u00e7os e acompanhar todo o processo para garantir que a aquisi\u00e7\u00e3o seja entregue como foi solicitada, com o valor correto e no prazo definido, bem como atuar na sele\u00e7\u00e3o, avalia\u00e7\u00e3o e reavalia\u00e7\u00e3o dos fornecedores.<\/p>\n<p><strong>3 &#8211; Entradas do Processo<\/strong><\/p>\n<p>a) Pedidos de compra;<br \/>\nb) Sele\u00e7\u00e3o e avalia\u00e7\u00e3o de fornecedores;<br \/>\nc) Or\u00e7amentos de fornecedores;<br \/>\nd) Informa\u00e7\u00f5es de entrega;<br \/>\ne) Infraestrutura t\u00e9cnica;<br \/>\nf) Colaboradores.<\/p>\n<p><strong>4 &#8211; Descri\u00e7\u00e3o do Processo de Aquisi\u00e7\u00e3o<\/strong><\/p>\n<p style=\"text-align: justify;\">O Processo de Aquisi\u00e7\u00e3o de mat\u00e9rias-primas, produtos e servi\u00e7os \u00e9 controlado atrav\u00e9s do Sistema UNO ERP, composto pelas seguintes etapas:<\/p>\n<p><strong>4.1 &#8211; Requisi\u00e7\u00e3o de Compra<\/strong><\/p>\n<p style=\"text-align: justify;\">O colaborador do setor recebe a requisi\u00e7\u00e3o de compra via e-mail ou pelo aplicativo de mensagens instant\u00e2neas, WhatsApp.<br \/>\nUma requisi\u00e7\u00e3o de compra na forma verbal, feita diretamente ao colaborador do setor, poder\u00e1 ser aceita em car\u00e1ter excepcional. Contudo, a sua formaliza\u00e7\u00e3o por escrito dever\u00e1 ocorrer ainda no mesmo dia ou, no m\u00e1ximo, no dia seguinte. Sem essa confirma\u00e7\u00e3o, o colaborador do setor n\u00e3o poder\u00e1 finalizar o pedido de compra e, consequentemente, n\u00e3o poder\u00e1 garantir a aquisi\u00e7\u00e3o requerida.<\/p>\n<p><strong>4.2 &#8211; Mapa de Cota\u00e7\u00f5es<\/strong><\/p>\n<p style=\"text-align: justify;\">A aquisi\u00e7\u00e3o deve ser realizada com <strong>fornecedores homologados<\/strong>. Caso um fornecedor com potencial para atender aos requisitos seja identificado e n\u00e3o esteja homologado no Sistema, o colaborador do setor de Aquisi\u00e7\u00e3o dever\u00e1 providenciar seu cadastramento atrav\u00e9s do formul\u00e1rio <a href=\"https:\/\/sgq-metalfam.bitqualy.tech\/wp-content\/uploads\/2025\/09\/F15-Autoavaliacao-de-Fornecedor_v3.xls\"><strong>F15 &#8211; AUTOAVALIA\u00c7\u00c3O DE FORNECEDOR<\/strong><\/a>.<\/p>\n<p style=\"text-align: justify;\">Para a aquisi\u00e7\u00e3o de mat\u00e9rias-primas, produtos e servi\u00e7os ser\u00e3o necess\u00e1rias, no m\u00ednimo, <strong>03 cota\u00e7\u00f5es\/or\u00e7amentos<\/strong> de pre\u00e7o junto aos fornecedores cadastrados mais adequados para o processo. O Mapa de Cota\u00e7\u00f5es analisa as propostas recebidas, indicando ao final a melhor condi\u00e7\u00e3o t\u00e9cnica e comercial ofertada pelo fornecedor na cota\u00e7\u00e3o. A qualidade das mat\u00e9rias-primas, dos produtos e servi\u00e7os ser\u00e1 outro crit\u00e9rio relevante ao processo, al\u00e9m do pre\u00e7o e melhores condi\u00e7\u00f5es de pagamento.<\/p>\n<p><strong>4.3 &#8211; Pedido de Compra<\/strong><\/p>\n<p style=\"text-align: justify;\">O Mapa de Cota\u00e7\u00f5es \u00e9 enviado para aprova\u00e7\u00e3o da Diretoria. Se aprovado, o pedido de compra \u00e9 aberto no Sistema e encaminhado ao fornecedor. Caso n\u00e3o seja aprovado, o colaborador do setor comunica o fornecedor e o solicitante do decl\u00ednio da requisi\u00e7\u00e3o.<\/p>\n<p style=\"text-align: justify;\">N\u00e3o h\u00e1 Mapa de Cota\u00e7\u00f5es nas aquisi\u00e7\u00f5es do tipo compra fixa, ou seja, com fornecedor e tabela de pre\u00e7os j\u00e1 definidos, cabendo ao colaborador do setor abrir o pedido de compra diretamente no Sistema.<\/p>\n<p style=\"text-align: justify;\">No caso de um pedido de compra ser cancelado posteriormente ao envio, o colaborador do setor de Aquisi\u00e7\u00e3o dever\u00e1 comunicar o fornecedor, verificar o status do pedido e avaliar com a Diretoria as consequ\u00eancias dessa desist\u00eancia, se for o caso.<\/p>\n<p style=\"text-align: justify;\">Ao receber a Nota Fiscal caber\u00e1 ao colaborador do setor de Aquisi\u00e7\u00e3o conferir se o pedido est\u00e1 conforme e inserir as mat\u00e9rias-primas, produtos e quantidades no M\u00f3dulo de Estoque. As informa\u00e7\u00f5es da Nota Fiscal alimentar\u00e3o os demais m\u00f3dulos do Sistema UNO ERP.<\/p>\n<p><strong>4.3.1 &#8211; N\u00e3o Conformidades e Entrega Parcial<\/strong><\/p>\n<p style=\"text-align: justify;\">Caso o produto recebido ou o servi\u00e7o prestado n\u00e3o esteja em conformidade, o colaborador do setor de Aquisi\u00e7\u00e3o dever\u00e1 comunicar o solicitante sobre a diverg\u00eancia existente. Ambos dever\u00e3o avaliar se o material ser\u00e1 devolvido ou n\u00e3o, bem como, se o servi\u00e7o prestado ser\u00e1 refeito ou paralisado. Em qualquer situa\u00e7\u00e3o, um Registro de N\u00e3o Conformidade dever\u00e1 ser aberto para formaliza\u00e7\u00e3o do ocorrido.<\/p>\n<p style=\"text-align: justify;\">A situa\u00e7\u00e3o de entrega parcial de mat\u00e9rias-primas, produtos e servi\u00e7os n\u00e3o ser\u00e1 considerada uma n\u00e3o conformidade, desde que o fornecedor tenha formalizado previamente por e-mail ao setor de Aquisi\u00e7\u00e3o e negociado um novo prazo, quantidades ou retomada dos servi\u00e7os.<\/p>\n<p><strong>5 &#8211; Estoque<\/strong><\/p>\n<p style=\"text-align: justify;\">Mediante as entradas pr\u00e9vias de mat\u00e9rias-primas e produtos e suas quantidades, o M\u00f3dulo de Estoque controla o consumo e emite alertas eletr\u00f4nicos indicando a necessidade de novas aquisi\u00e7\u00f5es. Conforme a necessidade, o m\u00f3dulo permite acertos\/ajustes manuais do estoque.<\/p>\n<p style=\"text-align: justify;\"><strong>6 &#8211; <\/strong><strong>Sele\u00e7\u00e3o e Avalia\u00e7\u00e3o de Fornecedores<\/strong><\/p>\n<p style=\"text-align: justify;\">Os crit\u00e9rios para a sele\u00e7\u00e3o, avalia\u00e7\u00e3o e reavalia\u00e7\u00e3o dos fornecedores s\u00e3o estabelecidos para cada fornecedor, conforme determina\u00e7\u00f5es abaixo. S\u00e3o considerados <strong>fornecedores cr\u00edticos<\/strong> os fornecedores de insumos, pe\u00e7as ou servi\u00e7os associados diretamente ao processo de decapagem e recupera\u00e7\u00e3o de gancheiras e pe\u00e7as.<\/p>\n<p style=\"text-align: justify;\">Caso o fornecedor seja certificado ISO 9001 ou similar, ser\u00e1 considerado homologado e esta condi\u00e7\u00e3o ser\u00e1 mantida durante a validade do Certificado. Caso n\u00e3o seja certificado, o fornecedor dever\u00e1 preencher o <a href=\"https:\/\/sgq-metalfam.bitqualy.tech\/wp-content\/uploads\/2025\/09\/F15-Autoavaliacao-de-Fornecedor_v3.xls\"><strong>F15 &#8211; AUTOAVALIA\u00c7\u00c3O DE FORNECEDOR<\/strong><\/a> e devolv\u00ea-lo para o solicitante da \u00e1rea de Aquisi\u00e7\u00e3o, que conduzir\u00e1 a avalia\u00e7\u00e3o e a validade da homologa\u00e7\u00e3o, conforme regra a seguir:<\/p>\n<table width=\"673\">\n<tbody>\n<tr>\n<td width=\"210\"><strong>Pontua\u00e7\u00e3o (P)<\/strong><\/td>\n<td width=\"161\">\n<p style=\"text-align: center;\">60% \u2264 P &lt; 70%<\/p>\n<\/td>\n<td width=\"161\">\n<p style=\"text-align: center;\">70% \u2264 P &lt; 85%<\/p>\n<\/td>\n<td width=\"173\">\n<p style=\"text-align: center;\">P \u2265 85%<\/p>\n<\/td>\n<\/tr>\n<tr>\n<td width=\"210\"><strong>N\u00edvel de Classifica\u00e7\u00e3o<\/strong><\/td>\n<td width=\"161\">\n<p style=\"text-align: center;\">C<\/p>\n<\/td>\n<td width=\"161\">\n<p style=\"text-align: center;\">B<\/p>\n<\/td>\n<td width=\"173\">\n<p style=\"text-align: center;\">A<\/p>\n<\/td>\n<\/tr>\n<tr>\n<td width=\"210\"><strong>Validade da Avalia\u00e7\u00e3o<\/strong><\/td>\n<td width=\"161\">\n<p style=\"text-align: center;\">6 meses<\/p>\n<\/td>\n<td width=\"161\">\n<p style=\"text-align: center;\">12 meses<\/p>\n<\/td>\n<td width=\"173\">\n<p style=\"text-align: center;\">24 meses<\/p>\n<\/td>\n<\/tr>\n<\/tbody>\n<\/table>\n<p style=\"text-align: justify;\"><strong>Nota:<\/strong> O fornecedor que permanecer sem fornecer por um per\u00edodo de 12 meses ser\u00e1 considerado inativo e para retomar os fornecimentos dever\u00e1 se submeter a um novo processo de homologa\u00e7\u00e3o.<\/p>\n<p><strong>7 &#8211; <\/strong><strong>Observa\u00e7\u00f5es do Processo <\/strong><\/p>\n<p style=\"text-align: justify;\">\u2013 Quando o M\u00f3dulo de Compras do Sistema UNO ERP estiver plenamente operacional, as requisi\u00e7\u00f5es de compras deixar\u00e3o de ser solicitadas por e-mail ou WhatsApp e passar\u00e3o a ser formalizadas diretamente no Sistema;<\/p>\n<p style=\"text-align: justify;\">\u2013 Quando o M\u00f3dulo de Estoque do Sistema UNO ERP estiver plenamente operacional, as requisi\u00e7\u00f5es de materiais deixar\u00e3o ser solicitadas por e-mail ou WhatsApp e passar\u00e3o a ser formalizadas diretamente no Sistema;<\/p>\n<p style=\"text-align: justify;\">\u2013 Fornecedor em processo de homologa\u00e7\u00e3o pode enviar amostras de suas mat\u00e9rias-primas e produtos para testes, por\u00e9m n\u00e3o ser\u00e3o permitidas aquisi\u00e7\u00f5es at\u00e9 este fornecedor estar homologado;<\/p>\n<p style=\"text-align: justify;\">\u2013 As aquisi\u00e7\u00f5es dever\u00e3o suprir principalmente os insumos diretos e as manuten\u00e7\u00f5es internas e de ve\u00edculos, entre outras que se mostrarem necess\u00e1rias.<\/p>\n<p style=\"text-align: justify;\"><strong>8 &#8211; Abordagem de Riscos do Processo<\/strong><\/p>\n<p style=\"text-align: justify;\">A abordagem de riscos deste processo \u00e9 realizada conforme <a href=\"https:\/\/sgq-metalfam.bitqualy.tech\/index.php\/manual-de-mapeamento-de-riscos\/\" target=\"_blank\" rel=\"noopener\"><strong>MGR &#8211; MANUAL DE GERENCIAMENTO DE RISCO<\/strong><\/a> e registrada atrav\u00e9s do Sistema <strong><a href=\"http:\/\/metalfam.bitqualy.tech\/\" target=\"_blank\" rel=\"noopener\">BitQualy<\/a>.<\/strong><\/p>\n<p><strong>9 &#8211; Sa\u00eddas do Processo<\/strong><\/p>\n<p>a) Pedidos de Compra atendidos;<br \/>\nb) Fornecedores homologados;<br \/>\nc) Mat\u00e9rias-primas, produtos e servi\u00e7os adquiridos;<br \/>\nd) Controle de Estoque;<br \/>\ne) Notas Fiscais conferidas e liberadas para pagamento.<\/p>\n<p><strong>10 &#8211; <\/strong><strong>Indicadores de Performance<\/strong><\/p>\n<p>Os indicadores do processo s\u00e3o definidos no Sistema <a href=\"http:\/\/metalfam.bitqualy.tech\/indicadores_processo.php\" target=\"_blank\" rel=\"noopener\"><strong>BitQualy<\/strong><\/a>.<\/p>\n<p><strong>11 &#8211; <\/strong><strong>Informa\u00e7\u00e3o documentada<\/strong><\/p>\n<table width=\"696\">\n<tbody>\n<tr>\n<td width=\"36%\">\n<p style=\"text-align: center;\"><strong>Identifica\u00e7\u00e3o<\/strong><\/p>\n<\/td>\n<td width=\"37%\">\n<p style=\"text-align: center;\"><strong>Armazenamento<\/strong><\/p>\n<\/td>\n<td width=\"25%\">\n<p style=\"text-align: center;\"><strong>Prote\u00e7\u00e3o<\/strong><\/p>\n<\/td>\n<td width=\"30%\">\n<p style=\"text-align: center;\"><strong>Recupera\u00e7\u00e3o<\/strong><\/p>\n<\/td>\n<td width=\"25%\">\n<p style=\"text-align: center;\"><strong>Reten\u00e7\u00e3o<\/strong><\/p>\n<\/td>\n<td width=\"25%\">\n<p style=\"text-align: center;\"><strong>Disposi\u00e7\u00e3o<\/strong><\/p>\n<\/td>\n<\/tr>\n<tr>\n<td width=\"129\">MGR-Manual de Gerenciamento de Risco<\/td>\n<td style=\"text-align: center;\" width=\"127\">Eletr\u00f4nico<\/td>\n<td style=\"text-align: center;\" width=\"137\">Banco de Dados<\/td>\n<td style=\"text-align: center;\" width=\"106\">Data<\/td>\n<td style=\"text-align: center;\" width=\"104\">3 Anos<\/td>\n<td style=\"text-align: center;\" width=\"93\">Delete<\/td>\n<\/tr>\n<tr>\n<td width=\"129\">Mapa de Cota\u00e7\u00f5es<\/td>\n<td style=\"text-align: center;\" width=\"127\">Eletr\u00f4nico<\/td>\n<td style=\"text-align: center;\" width=\"137\">Banco de Dados<\/td>\n<td style=\"text-align: center;\" width=\"106\">Data \/ Nome<\/td>\n<td style=\"text-align: center;\" width=\"104\">3 Anos<\/td>\n<td style=\"text-align: center;\" width=\"93\">Delete<\/td>\n<\/tr>\n<tr>\n<td width=\"129\">Pedido de Compra<\/td>\n<td style=\"text-align: center;\" width=\"127\">Eletr\u00f4nico<\/td>\n<td style=\"text-align: center;\" width=\"137\">Banco de Dados<\/td>\n<td style=\"text-align: center;\" width=\"106\">Data \/ Nome \/ N\u00famero<\/td>\n<td style=\"text-align: center;\" width=\"104\">3 Anos<\/td>\n<td style=\"text-align: center;\" width=\"93\">Delete<\/td>\n<\/tr>\n<tr>\n<td width=\"129\">F15-Autoavalia\u00e7\u00e3o de Fornecedor<\/td>\n<td style=\"text-align: center;\" width=\"127\">Eletr\u00f4nico<\/td>\n<td style=\"text-align: center;\" width=\"137\">Banco de Dados<\/td>\n<td style=\"text-align: center;\" width=\"106\">Data \/ Nome<\/td>\n<td style=\"text-align: center;\" width=\"104\">3 Anos<\/td>\n<td style=\"text-align: center;\" width=\"93\">Delete<\/td>\n<\/tr>\n<\/tbody>\n<\/table>\n<p><strong>12 &#8211; Controle de Altera\u00e7\u00f5es<\/strong><\/p>\n<p>O controle de altera\u00e7\u00f5es \u00e9 realizado atrav\u00e9s do Sistema <a href=\"http:\/\/metalfam.bitqualy.tech\/info_doc.php\" target=\"_blank\" rel=\"noopener\"><strong>BitQualy<\/strong><\/a>.<\/p>\n","protected":false},"excerpt":{"rendered":"<p>Documento Controlado Elaborado por: Narciso Z. Filho Aprovado por: Reginaldo Lima Vers\u00e3o 03\u00a0 Data: 13\/10\/2025 1 &#8211; Refer\u00eancias Manual da Qualidade ISO 9001:2015 2 &#8211; Objetivo do Processo O Processo de Aquisi\u00e7\u00e3o tem como objetivo determinar rotinas para controlar aquisi\u00e7\u00f5es de mat\u00e9rias-primas, produtos e servi\u00e7os. Para tanto, ser\u00e1 necess\u00e1rio realizar cota\u00e7\u00f5es (or\u00e7amentos), efetuar a compra [&hellip;]<\/p>\n","protected":false},"author":3,"featured_media":0,"parent":0,"menu_order":0,"comment_status":"closed","ping_status":"closed","template":"","meta":{"footnotes":""},"_links":{"self":[{"href":"https:\/\/sgq-metalfam.bitqualy.tech\/index.php\/wp-json\/wp\/v2\/pages\/161"}],"collection":[{"href":"https:\/\/sgq-metalfam.bitqualy.tech\/index.php\/wp-json\/wp\/v2\/pages"}],"about":[{"href":"https:\/\/sgq-metalfam.bitqualy.tech\/index.php\/wp-json\/wp\/v2\/types\/page"}],"author":[{"embeddable":true,"href":"https:\/\/sgq-metalfam.bitqualy.tech\/index.php\/wp-json\/wp\/v2\/users\/3"}],"replies":[{"embeddable":true,"href":"https:\/\/sgq-metalfam.bitqualy.tech\/index.php\/wp-json\/wp\/v2\/comments?post=161"}],"version-history":[{"count":28,"href":"https:\/\/sgq-metalfam.bitqualy.tech\/index.php\/wp-json\/wp\/v2\/pages\/161\/revisions"}],"predecessor-version":[{"id":609,"href":"https:\/\/sgq-metalfam.bitqualy.tech\/index.php\/wp-json\/wp\/v2\/pages\/161\/revisions\/609"}],"wp:attachment":[{"href":"https:\/\/sgq-metalfam.bitqualy.tech\/index.php\/wp-json\/wp\/v2\/media?parent=161"}],"curies":[{"name":"wp","href":"https:\/\/api.w.org\/{rel}","templated":true}]}}