{"id":33,"date":"2022-04-25T10:41:29","date_gmt":"2022-04-25T13:41:29","guid":{"rendered":"http:\/\/sgq-metalfam.bitqualy.tech\/?page_id=33"},"modified":"2025-10-30T12:09:46","modified_gmt":"2025-10-30T15:09:46","slug":"formularios","status":"publish","type":"page","link":"https:\/\/sgq-metalfam.bitqualy.tech\/index.php\/formularios\/","title":{"rendered":"Lista de Formul\u00e1rios"},"content":{"rendered":"<p>Abaixo a lista de formul\u00e1rios que est\u00e3o contidos no Sistema de Gest\u00e3o da Qualidade.<br \/>\nClique sobre o nome do formul\u00e1rio para fazer o download.<\/p>\n<p><a href=\"https:\/\/sgq-metalfam.bitqualy.tech\/wp-content\/uploads\/2025\/10\/F01-Ordem-de-Producao_v10.xlsx\"><strong>F01 &#8211; ORDEM DE PRODU\u00c7\u00c3O<\/strong><\/a><\/p>\n<p><a href=\"https:\/\/sgq-metalfam.bitqualy.tech\/wp-content\/uploads\/2024\/12\/F02-ANALISE-CRITICA-DO-SGQ_v1.doc\"><strong>F02 &#8211; AN\u00c1LISE CR\u00cdTICA DO SGQ<\/strong><\/a><\/p>\n<p><a href=\"https:\/\/sgq-metalfam.bitqualy.tech\/wp-content\/uploads\/2023\/04\/F04-Ordem-de-Producao-de-Retrabalho-Reprocesso.xls\"><strong>F04 &#8211; ORDEM DE PRODU\u00c7\u00c3O DE RETRABALHO\/REPROCESSO<\/strong><\/a><\/p>\n<p><a href=\"https:\/\/sgq-metalfam.bitqualy.tech\/wp-content\/uploads\/2024\/08\/F05-RELAT-AVAL-CUSTOS-E-PECAS-SENSIVEIS_v2.xls\"><strong>F05 &#8211; RELAT\u00d3RIO DE AVALIA\u00c7\u00c3O DE CUSTOS E PE\u00c7AS SENS\u00cdVEIS<\/strong><\/a><\/p>\n<p><strong><a href=\"https:\/\/sgq-metalfam.bitqualy.tech\/wp-content\/uploads\/2024\/12\/F06-CONTROLE-DE-ENTREGA-DE-EPIs_v2.xls\">F06 &#8211; CONTROLE DE ENTREGA DE EPIs<\/a><\/strong><\/p>\n<p><a href=\"https:\/\/sgq-metalfam.bitqualy.tech\/wp-content\/uploads\/2023\/02\/F07-PLANEJAMENTO-DE-TREINAMENTO.xls\"><strong>F07 &#8211; PLANEJAMENTO DE TREINAMENTO<\/strong><\/a><\/p>\n<p><a href=\"https:\/\/sgq-metalfam.bitqualy.tech\/wp-content\/uploads\/2025\/07\/F08-Lista-de-Presenca-de-Treinamento_v3.doc\"><strong>F08 &#8211; LISTA DE PRESEN\u00c7A DE TREINAMENTO<\/strong><\/a><\/p>\n<p><a href=\"https:\/\/sgq-metalfam.bitqualy.tech\/wp-content\/uploads\/2025\/01\/F09-PLANO-DE-AUDITORIA_v2.doc\"><strong>F09 &#8211; PLANO DE AUDITORIA<\/strong><\/a><\/p>\n<p><a href=\"https:\/\/sgq-metalfam.bitqualy.tech\/wp-content\/uploads\/2025\/01\/F11-LISTA-DE-PRESENCA-AUDITORIA-INTERNA_v2.doc\"><strong>F11 &#8211; LISTA DE PRESEN\u00c7A AUDITORIA INTERNA<\/strong><\/a><\/p>\n<p><a href=\"https:\/\/sgq-metalfam.bitqualy.tech\/wp-content\/uploads\/2025\/01\/F12-Relatorio-de-Auditoria-Interna-do-SGQ-v2.doc\"><strong>F12 &#8211; RELAT\u00d3RIO DE AUDITORIA INTERNA DO SGQ<\/strong><\/a><\/p>\n<p><a href=\"https:\/\/sgq-metalfam.bitqualy.tech\/wp-content\/uploads\/2025\/10\/F13-Documentos-para-Admissao_v4.doc\"><strong>F13 &#8211; DOCUMENTOS PARA ADMISS\u00c3O<\/strong><\/a><\/p>\n<p><a href=\"https:\/\/sgq-metalfam.bitqualy.tech\/wp-content\/uploads\/2023\/03\/F14-SOLICITACAO-PARA-DEMISSAO.doc\"><strong>F14 &#8211; SOLICITA\u00c7\u00c3O PARA DEMISS\u00c3O<\/strong><\/a><\/p>\n<p><a href=\"https:\/\/sgq-metalfam.bitqualy.tech\/wp-content\/uploads\/2025\/09\/F15-Autoavaliacao-de-Fornecedor_v3.xls\"><strong>F15 &#8211; AUTOAVALIA\u00c7\u00c3O DE FORNECEDOR<\/strong><\/a><\/p>\n<p><a href=\"https:\/\/sgq-metalfam.bitqualy.tech\/wp-content\/uploads\/2023\/03\/F16-CONTROLE-DE-DESCARTE-DE-RESIDUOS.xls\"><strong>F16 &#8211; CONTROLE DE DESCARTE DE RES\u00cdDUOS<\/strong><\/a><\/p>\n<p><a href=\"https:\/\/sgq-metalfam.bitqualy.tech\/wp-content\/uploads\/2023\/03\/F18-Comunicado-de-Ferias.doc\"><strong>F18 &#8211; COMUNICADO DE F\u00c9RIAS<\/strong><\/a><\/p>\n<p><a href=\"https:\/\/sgq-metalfam.bitqualy.tech\/wp-content\/uploads\/2024\/08\/F19-CRITERIOS-PARA-AVALIACAO_V3.xls\"><strong>F19 &#8211; CRIT\u00c9RIOS PARA AVALIA\u00c7\u00c3O<\/strong><\/a><\/p>\n<p><a href=\"https:\/\/sgq-metalfam.bitqualy.tech\/wp-content\/uploads\/2025\/10\/F20-Lista-Mestra-de-Documentos_v1.doc\"><strong>F20 &#8211; LISTA MESTRA DE DOCUMENTOS<\/strong><\/a><\/p>\n<p><a href=\"https:\/\/sgq-metalfam.bitqualy.tech\/wp-content\/uploads\/2025\/01\/PCO-Pesquisa-de-Clima-Organizacional_v1.pdf\"><strong>PCO &#8211; PESQUISA DE CLIMA ORGANIZACIONAL<\/strong><\/a><\/p>\n","protected":false},"excerpt":{"rendered":"<p>Abaixo a lista de formul\u00e1rios que est\u00e3o contidos no Sistema de Gest\u00e3o da Qualidade. Clique sobre o nome do formul\u00e1rio para fazer o download. F01 &#8211; ORDEM DE PRODU\u00c7\u00c3O F02 &#8211; AN\u00c1LISE CR\u00cdTICA DO SGQ F04 &#8211; ORDEM DE PRODU\u00c7\u00c3O DE RETRABALHO\/REPROCESSO F05 &#8211; RELAT\u00d3RIO DE AVALIA\u00c7\u00c3O DE CUSTOS E PE\u00c7AS SENS\u00cdVEIS F06 &#8211; CONTROLE [&hellip;]<\/p>\n","protected":false},"author":1,"featured_media":0,"parent":0,"menu_order":0,"comment_status":"closed","ping_status":"closed","template":"","meta":{"footnotes":""},"_links":{"self":[{"href":"https:\/\/sgq-metalfam.bitqualy.tech\/index.php\/wp-json\/wp\/v2\/pages\/33"}],"collection":[{"href":"https:\/\/sgq-metalfam.bitqualy.tech\/index.php\/wp-json\/wp\/v2\/pages"}],"about":[{"href":"https:\/\/sgq-metalfam.bitqualy.tech\/index.php\/wp-json\/wp\/v2\/types\/page"}],"author":[{"embeddable":true,"href":"https:\/\/sgq-metalfam.bitqualy.tech\/index.php\/wp-json\/wp\/v2\/users\/1"}],"replies":[{"embeddable":true,"href":"https:\/\/sgq-metalfam.bitqualy.tech\/index.php\/wp-json\/wp\/v2\/comments?post=33"}],"version-history":[{"count":45,"href":"https:\/\/sgq-metalfam.bitqualy.tech\/index.php\/wp-json\/wp\/v2\/pages\/33\/revisions"}],"predecessor-version":[{"id":615,"href":"https:\/\/sgq-metalfam.bitqualy.tech\/index.php\/wp-json\/wp\/v2\/pages\/33\/revisions\/615"}],"wp:attachment":[{"href":"https:\/\/sgq-metalfam.bitqualy.tech\/index.php\/wp-json\/wp\/v2\/media?parent=33"}],"curies":[{"name":"wp","href":"https:\/\/api.w.org\/{rel}","templated":true}]}}